{"id":271,"date":"2025-03-18T20:13:33","date_gmt":"2025-03-18T20:13:33","guid":{"rendered":"http:\/\/wp.schwimmbad-dauborn.de\/?page_id=271"},"modified":"2026-03-25T07:09:46","modified_gmt":"2026-03-25T07:09:46","slug":"oeffnungszeiten-und-preise","status":"publish","type":"page","link":"https:\/\/schwimmbad-dauborn.de\/?page_id=271","title":{"rendered":"\u00d6ffnungszeiten und Preise"},"content":{"rendered":"\n<p><\/p>\n\n\n\n<p class=\"has-white-color has-text-color has-link-color has-small-font-size wp-elements-6a24fc46441dd387d92bfcc528ffcbdd\">Die \u00d6ffnungszeit ist in der Regel t\u00e4glich von 10 &#8211; 19 Uhr.<\/p>\n\n\n\n<p><strong>Das Schwimmbad befindet sich im &#8220;Winterschlaf&#8221;.<\/strong><br>Die Er\u00f6ffnung f\u00fcr die neue Saison findet am Freitag, <strong>08.05.2026<\/strong> um 17.00 Uhr statt.<\/p>\n\n\n\n<div style=\"height:25px\" aria-hidden=\"true\" class=\"wp-block-spacer\"><\/div>\n\n\n\n<p class=\"has-small-font-size\"><strong>Alle weiteren Infos und Preise sind auf der Internet-Seite der Gemeinde H\u00fcnfelden&nbsp;zu&nbsp;finden.<\/strong><\/p>\n\n\n\n<hr class=\"wp-block-separator has-alpha-channel-opacity\"\/>\n\n\n\n<div class=\"wp-block-columns is-layout-flex wp-container-core-columns-is-layout-9d6595d7 wp-block-columns-is-layout-flex\">\n<div class=\"wp-block-column is-layout-flow wp-block-column-is-layout-flow\">\n<div class=\"wp-block-buttons alignwide is-content-justification-center is-layout-flex wp-container-core-buttons-is-layout-16018d1d wp-block-buttons-is-layout-flex\">\n<div class=\"wp-block-button\"><a class=\"wp-block-button__link wp-element-button\" href=\"https:\/\/www.huenfelden.de\/freizeit-tourismus\/schwimmbaeder\/\" target=\"_blank\" rel=\"noreferrer noopener\">Webseite Gemeinde H\u00fcnfelden<\/a><\/div>\n<\/div>\n<\/div>\n<\/div>\n\n\n\n<p><\/p>\n","protected":false},"excerpt":{"rendered":"<p>Die \u00d6ffnungszeit ist in der Regel t\u00e4glich von 10 &#8211; <a class=\"more-link\" href=\"https:\/\/schwimmbad-dauborn.de\/?page_id=271\">weiterlesen&#8230;<\/a><\/p>\n","protected":false},"author":1,"featured_media":0,"parent":0,"menu_order":0,"comment_status":"closed","ping_status":"closed","template":"","meta":{"footnotes":""},"class_list":["post-271","page","type-page","status-publish","hentry"],"yoast_head":"<!-- This site is optimized with the Yoast SEO plugin v27.4 - https:\/\/yoast.com\/product\/yoast-seo-wordpress\/ -->\n<title>\u00d6ffnungszeiten und Preise - Schwimmbad Dauborn<\/title>\n<meta name=\"robots\" content=\"index, follow, max-snippet:-1, max-image-preview:large, max-video-preview:-1\" \/>\n<link rel=\"canonical\" href=\"https:\/\/schwimmbad-dauborn.de\/?page_id=271\" \/>\n<meta property=\"og:locale\" content=\"de_DE\" \/>\n<meta property=\"og:type\" content=\"article\" \/>\n<meta property=\"og:title\" content=\"\u00d6ffnungszeiten und Preise - Schwimmbad Dauborn\" \/>\n<meta property=\"og:description\" content=\"Die \u00d6ffnungszeit ist in der Regel t\u00e4glich von 10 &#8211; weiterlesen...\" \/>\n<meta property=\"og:url\" content=\"https:\/\/schwimmbad-dauborn.de\/?page_id=271\" \/>\n<meta property=\"og:site_name\" content=\"Schwimmbad Dauborn\" \/>\n<meta property=\"article:publisher\" content=\"https:\/\/www.facebook.com\/groups\/144248379310852\/\" \/>\n<meta property=\"article:modified_time\" content=\"2026-03-25T07:09:46+00:00\" \/>\n<meta name=\"twitter:card\" content=\"summary_large_image\" \/>\n<meta name=\"twitter:label1\" content=\"Gesch\u00e4tzte Lesezeit\" \/>\n\t<meta name=\"twitter:data1\" content=\"1\u00a0Minute\" \/>\n<script type=\"application\/ld+json\" class=\"yoast-schema-graph\">{\"@context\":\"https:\\\/\\\/schema.org\",\"@graph\":[{\"@type\":\"WebPage\",\"@id\":\"https:\\\/\\\/schwimmbad-dauborn.de\\\/?page_id=271\",\"url\":\"https:\\\/\\\/schwimmbad-dauborn.de\\\/?page_id=271\",\"name\":\"\u00d6ffnungszeiten und Preise - Schwimmbad Dauborn\",\"isPartOf\":{\"@id\":\"https:\\\/\\\/schwimmbad-dauborn.de\\\/#website\"},\"datePublished\":\"2025-03-18T20:13:33+00:00\",\"dateModified\":\"2026-03-25T07:09:46+00:00\",\"breadcrumb\":{\"@id\":\"https:\\\/\\\/schwimmbad-dauborn.de\\\/?page_id=271#breadcrumb\"},\"inLanguage\":\"de\",\"potentialAction\":[{\"@type\":\"ReadAction\",\"target\":[\"https:\\\/\\\/schwimmbad-dauborn.de\\\/?page_id=271\"]}]},{\"@type\":\"BreadcrumbList\",\"@id\":\"https:\\\/\\\/schwimmbad-dauborn.de\\\/?page_id=271#breadcrumb\",\"itemListElement\":[{\"@type\":\"ListItem\",\"position\":1,\"name\":\"Startseite\",\"item\":\"https:\\\/\\\/schwimmbad-dauborn.de\\\/\"},{\"@type\":\"ListItem\",\"position\":2,\"name\":\"\u00d6ffnungszeiten und Preise\"}]},{\"@type\":\"WebSite\",\"@id\":\"https:\\\/\\\/schwimmbad-dauborn.de\\\/#website\",\"url\":\"https:\\\/\\\/schwimmbad-dauborn.de\\\/\",\"name\":\"Schwimmbad Dauborn\",\"description\":\"F\u00f6rderverein Dauborner Schwimbad e.V.\",\"publisher\":{\"@id\":\"https:\\\/\\\/schwimmbad-dauborn.de\\\/#organization\"},\"potentialAction\":[{\"@type\":\"SearchAction\",\"target\":{\"@type\":\"EntryPoint\",\"urlTemplate\":\"https:\\\/\\\/schwimmbad-dauborn.de\\\/?s={search_term_string}\"},\"query-input\":{\"@type\":\"PropertyValueSpecification\",\"valueRequired\":true,\"valueName\":\"search_term_string\"}}],\"inLanguage\":\"de\"},{\"@type\":\"Organization\",\"@id\":\"https:\\\/\\\/schwimmbad-dauborn.de\\\/#organization\",\"name\":\"F\u00f6rderverein Dauborner Schwimmbad e.V.\",\"url\":\"https:\\\/\\\/schwimmbad-dauborn.de\\\/\",\"logo\":{\"@type\":\"ImageObject\",\"inLanguage\":\"de\",\"@id\":\"https:\\\/\\\/schwimmbad-dauborn.de\\\/#\\\/schema\\\/logo\\\/image\\\/\",\"url\":\"https:\\\/\\\/schwimmbad-dauborn.de\\\/wp-content\\\/uploads\\\/2025\\\/03\\\/cropped-cropped-Logo_klein-1.png\",\"contentUrl\":\"https:\\\/\\\/schwimmbad-dauborn.de\\\/wp-content\\\/uploads\\\/2025\\\/03\\\/cropped-cropped-Logo_klein-1.png\",\"width\":160,\"height\":160,\"caption\":\"F\u00f6rderverein Dauborner Schwimmbad e.V.\"},\"image\":{\"@id\":\"https:\\\/\\\/schwimmbad-dauborn.de\\\/#\\\/schema\\\/logo\\\/image\\\/\"},\"sameAs\":[\"https:\\\/\\\/www.facebook.com\\\/groups\\\/144248379310852\\\/\",\"https:\\\/\\\/www.instagram.com\\\/schwimmbad_dauborn\"]}]}<\/script>\n<!-- \/ Yoast SEO plugin. -->","yoast_head_json":{"title":"\u00d6ffnungszeiten und Preise - Schwimmbad Dauborn","robots":{"index":"index","follow":"follow","max-snippet":"max-snippet:-1","max-image-preview":"max-image-preview:large","max-video-preview":"max-video-preview:-1"},"canonical":"https:\/\/schwimmbad-dauborn.de\/?page_id=271","og_locale":"de_DE","og_type":"article","og_title":"\u00d6ffnungszeiten und Preise - Schwimmbad Dauborn","og_description":"Die \u00d6ffnungszeit ist in der Regel t\u00e4glich von 10 &#8211; weiterlesen...","og_url":"https:\/\/schwimmbad-dauborn.de\/?page_id=271","og_site_name":"Schwimmbad Dauborn","article_publisher":"https:\/\/www.facebook.com\/groups\/144248379310852\/","article_modified_time":"2026-03-25T07:09:46+00:00","twitter_card":"summary_large_image","twitter_misc":{"Gesch\u00e4tzte Lesezeit":"1\u00a0Minute"},"schema":{"@context":"https:\/\/schema.org","@graph":[{"@type":"WebPage","@id":"https:\/\/schwimmbad-dauborn.de\/?page_id=271","url":"https:\/\/schwimmbad-dauborn.de\/?page_id=271","name":"\u00d6ffnungszeiten und Preise - Schwimmbad Dauborn","isPartOf":{"@id":"https:\/\/schwimmbad-dauborn.de\/#website"},"datePublished":"2025-03-18T20:13:33+00:00","dateModified":"2026-03-25T07:09:46+00:00","breadcrumb":{"@id":"https:\/\/schwimmbad-dauborn.de\/?page_id=271#breadcrumb"},"inLanguage":"de","potentialAction":[{"@type":"ReadAction","target":["https:\/\/schwimmbad-dauborn.de\/?page_id=271"]}]},{"@type":"BreadcrumbList","@id":"https:\/\/schwimmbad-dauborn.de\/?page_id=271#breadcrumb","itemListElement":[{"@type":"ListItem","position":1,"name":"Startseite","item":"https:\/\/schwimmbad-dauborn.de\/"},{"@type":"ListItem","position":2,"name":"\u00d6ffnungszeiten und Preise"}]},{"@type":"WebSite","@id":"https:\/\/schwimmbad-dauborn.de\/#website","url":"https:\/\/schwimmbad-dauborn.de\/","name":"Schwimmbad Dauborn","description":"F\u00f6rderverein Dauborner Schwimbad e.V.","publisher":{"@id":"https:\/\/schwimmbad-dauborn.de\/#organization"},"potentialAction":[{"@type":"SearchAction","target":{"@type":"EntryPoint","urlTemplate":"https:\/\/schwimmbad-dauborn.de\/?s={search_term_string}"},"query-input":{"@type":"PropertyValueSpecification","valueRequired":true,"valueName":"search_term_string"}}],"inLanguage":"de"},{"@type":"Organization","@id":"https:\/\/schwimmbad-dauborn.de\/#organization","name":"F\u00f6rderverein Dauborner Schwimmbad e.V.","url":"https:\/\/schwimmbad-dauborn.de\/","logo":{"@type":"ImageObject","inLanguage":"de","@id":"https:\/\/schwimmbad-dauborn.de\/#\/schema\/logo\/image\/","url":"https:\/\/schwimmbad-dauborn.de\/wp-content\/uploads\/2025\/03\/cropped-cropped-Logo_klein-1.png","contentUrl":"https:\/\/schwimmbad-dauborn.de\/wp-content\/uploads\/2025\/03\/cropped-cropped-Logo_klein-1.png","width":160,"height":160,"caption":"F\u00f6rderverein Dauborner Schwimmbad e.V."},"image":{"@id":"https:\/\/schwimmbad-dauborn.de\/#\/schema\/logo\/image\/"},"sameAs":["https:\/\/www.facebook.com\/groups\/144248379310852\/","https:\/\/www.instagram.com\/schwimmbad_dauborn"]}]}},"_links":{"self":[{"href":"https:\/\/schwimmbad-dauborn.de\/index.php?rest_route=\/wp\/v2\/pages\/271","targetHints":{"allow":["GET"]}}],"collection":[{"href":"https:\/\/schwimmbad-dauborn.de\/index.php?rest_route=\/wp\/v2\/pages"}],"about":[{"href":"https:\/\/schwimmbad-dauborn.de\/index.php?rest_route=\/wp\/v2\/types\/page"}],"author":[{"embeddable":true,"href":"https:\/\/schwimmbad-dauborn.de\/index.php?rest_route=\/wp\/v2\/users\/1"}],"replies":[{"embeddable":true,"href":"https:\/\/schwimmbad-dauborn.de\/index.php?rest_route=%2Fwp%2Fv2%2Fcomments&post=271"}],"version-history":[{"count":14,"href":"https:\/\/schwimmbad-dauborn.de\/index.php?rest_route=\/wp\/v2\/pages\/271\/revisions"}],"predecessor-version":[{"id":1050,"href":"https:\/\/schwimmbad-dauborn.de\/index.php?rest_route=\/wp\/v2\/pages\/271\/revisions\/1050"}],"wp:attachment":[{"href":"https:\/\/schwimmbad-dauborn.de\/index.php?rest_route=%2Fwp%2Fv2%2Fmedia&parent=271"}],"curies":[{"name":"wp","href":"https:\/\/api.w.org\/{rel}","templated":true}]}}